mine d(a).
15
Suppose n + 2*n + 15 = 0. Let g be (2 - 0)/(n/(-10)). Suppose o + 1 = -g. Let q(s) = -s**2 - 6*s + 3. What is q(o)?
8
Let f(r) = 11*r**3 + 6*r**2 - 3*r - 1. Let i(g) = -9*g**3 - 4*g**2 + 3*g + 1. Let t(a) = 4*f(a) + 5*i(a). Give t(5).
-9
Let w(r) be the first derivative of -r**2/2 + 13*r + 77. Determine w(6).
7
Let b(r) = -3*r**2 - 2*r + 1. Let i(c) be the third derivative of 0*c + 12*c**2 - 1/24*c**4 + 0*c**3 + 0. Let p be i(-2). Calculate b(p).
-15
Let d(k) be the third derivative of -1/120*k**6 + 0 + 1/3*k**3 + 0*k + 1/60*k**5 - 26*k**2 - 1/12*k**4. Determine d(3).
-22
Suppose -4 = 2*o - 2*i, 19 - 2 = -o - 4*i. Let p(n) = 4*n - 3. Let a(j) = j - 2. Let c(d) = -3*a(d) + p(d). Calculate c(o).
-2
Let g(y) = 5*y - 5 - 1 + 1 - 4*y**2 + y**3. Let c = 33841 + -33839. Calculate g(c).
-3
Let b(m) = 2*m**3 + m**2 - m. Let c be (-1 - (-9)/12)*4. Let y be c + 5*8/20. Give b(y).
2
Let u(p) = p**2 + 8*p + 18. Let n = -87 + 83. Let z be u(n). Let f(h) = h**2 - 2*h + 3. Determine f(z).
3
Let h(g) = g**3 + 4*g - 31*g**2 - g + 5 - 18*g**2 + 54*g**2. Calculate h(-4).
9
Let c(i) = -3*i**2 - 10*i - 23. Let d(a) = -10*a**2 - 29*a - 69. Let l(q) = 7*c(q) - 2*d(q). Calculate l(-8).
9
Suppose 3*q - 5*c + c = -16, 0 = -4*q + 2*c - 28. Let i(y) = y**3 + 7*y**2 - 8*y + 2. Calculate i(q).
2
Let s(n) = n**2 - 5. Let x be 6/(24/(-44)) + 3. Let z(t) = t**2 - 3. Let q(k) = x*z(k) + 5*s(k). Give q(1).
-4
Let u(d) = -2*d + 89. Let z(k) = k - 48. Let c(q) = -6*u(q) - 11*z(q). Calculate c(14).
8
Let f = 65 + 39. Let z = 99 - f. Let h(w) = w**2 + 4*w - 4. Determine h(z).
1
Let g(v) = -19*v + 73. Let q be g(4). Let x(i) = 2*i**2 - 2*i + 3. Determine x(q).
27
Let z(i) = -i**2 - 6*i + 18. Let j be z(-8). Let x(m) = j + 4*m - 2 - m + 5. Suppose 4*v + v - 5*p = -10, 3*p = -4*v - 29. Calculate x(v).
-10
Suppose -33*f - 6 = -138. Let i(n) = -n**2 + 7*n + 7. Give i(f).
19
Let z(w) = 3*w**2 + 7. Let q(g) = 2*g**2 + g + 6. Let j(b) = 4*q(b) - 3*z(b). Determine j(6).
-9
Let a(l) = 2*l**2 + 3*l + 2. Let h(g) = -5*g + 9. Let w be h(6). Let s = w + 18. Let o(k) = -k**2 - 2*k + 1. Let n be o(s). Determine a(n).
4
Let j be (66/(-9))/((-6)/18). Let y = j + -23. Let b(m) = -9*m. Determine b(y).
9
Let x(j) = -j**3 - 4*j**2 + 2. Let t be x(-3). Let f(r) = r**2 + 7*r + 4. Let c be f(t). Let u(z) = -4*z**2 + 1 + 3 - c*z + 5*z**2 - 2*z**2. What is u(-5)?
-1
Let y(c) = 9*c**2 - 3*c + 4. Let s(a) = 20*a**2 - 7*a + 6. Let p(m) = -4*s(m) + 9*y(m). Suppose 0 = 4*w - 5*w - 3. Let k be 1/w - (-2)/6. Calculate p(k).
12
Let z(y) = y**3 - y**2 + y. Let a(u) = 7*u**3 + 11*u**2 - 6. Let m(l) = 6*l**3 + 12*l**2 - 5. Let d(s) = -5*a(s) + 6*m(s). Let o be d(-17). What is z(o)?
0
Let p(z) = 3*z - 21. Let w(y) be the third derivative of -y**4/12 + 7*y**3/3 + 24*y**2. Let o(c) = -5*p(c) - 7*w(c). Let x = -11 + 5. What is o(x)?
13
Let f(u) = -21 - 20 + u + 35. What is f(5)?
-1
Let a(b) be the first derivative of -3*b**2/2 - 14*b + 1003. Give a(5).
-29
Let o(b) = -3 + 4 + b - 2. Let z(n) = 5*n**2 + 6*n - 9. Let d(u) = -11*u**2 - 13*u + 18. Let q(f) = 4*d(f) + 9*z(f). Let l(r) = 6*o(r) - q(r). Determine l(4).
3
Let q(u) = u**2 + 4*u + 3. Let j(x) = -2*x**2 - 5*x - 4. Let a = 21 - 17. Let y(g) = a*q(g) + 3*j(g). Let b be 6*2/(-4) - -5. Determine y(b).
-6
Let d(c) = 5*c**3 - 13. Let j(x) = -11*x**3 - x + 33. Let k(u) = -5*d(u) - 2*j(u). Suppose 0 = 2*a - a + 2*v, -2*v = 4*a + 6. Calculate k(a).
19
Let o be -1*3 - (-9 + 4). Suppose o*j + 12 = 28. Let n(z) = 0*z + j*z - z. Calculate n(-1).
-7
Suppose 12 = 4*n + 3*x, 5*x = -3*n + 1 + 8. Let f(m) = -6*m**2 - 3*m**3 + n + m**3 + 3*m**3. Suppose 0 = 110*l - 103*l - 42. Give f(l).
3
Let t(l) = 438*l + 436*l - 875*l. Suppose -5*n + 13 = 3. What is t(n)?
-2
Let f(b) = b**2 + 4. Suppose -i = 2*d + 2, 0*i - d = 4*i + 15. Calculate f(i).
20
Suppose -f - 2*f = 3. Let h(k) = -853 - 845 + 1696 - 8*k. Calculate h(f).
6
Let s = 78 + -74. Let y(g) = -g**2 + 4*g - 5. Determine y(s).
-5
Let x(m) = -m**3 + 3*m**2 + 10*m. Let u(f) = -3*f**3 + 8*f**2 + 28*f - 1. Let j(q) = -2*u(q) + 7*x(q). Calculate j(7).
2
Suppose 4*p = 5*p - 3*h - 8, 2*p + 2*h = 0. Let j(m) = -m + 0*m - m**3 - 7*m**p - 5*m. Give j(-6).
0
Let t(a) = -4*a - 4. Let n(p) = 6*p + 6. Let s(l) = -5*n(l) - 8*t(l). Let v = -12 - -15. Let r be (-2)/(1 - 1/v). Calculate s(r).
-4
Let a = 198 + -196. Let s(z) = -z**3 - z**2 + 3*z - 3. Determine s(a).
-9
Let t(j) be the first derivative of j**4/4 + 3*j**3 + 11*j**2/2 + 8*j + 34. What is t(-8)?
-16
Suppose -t + 3*o - 5 = 5, 5*t - 2 = 2*o. Suppose 2*d + t*r = -6, 3*r + 0*r = 3*d - 21. Suppose -n - d*n + 9 = 0. Let m(l) = 2*l**2 - l. Give m(n).
15
Let p(z) = 2*z**2 + z. Suppose -5*q + 55 = -5*d, 0 = d - 5*q + q + 26. Let l = d + 10. Suppose 2*n = -l*a - 12, -a - 1 = -5*n - 9. What is p(a)?
6
Let i(n) be the second derivative of 1/12*n**4 + n - 2*n**2 - 1/6*n**3 + 0. Suppose 7 - 1 = -2*m. What is i(m)?
8
Let n be 1/2 + (-3)/2. Let g(k) be the third derivative of 11*k**4/24 + k**3/6 + 21*k**2. Determine g(n).
-10
Suppose 287 = -17*u + 321. Let g(j) = 12*j + 2. What is g(u)?
26
Let m(y) = y**3 - 8*y**2 - 12*y + 5. Let z be 6 - ((-20)/(-5) + -10)/2. Calculate m(z).
-22
Let u(f) = f**2 + f - 3. Suppose 4 = t + 2*r, 0 = 2*t - 5*t - r + 7. Suppose -17 = 3*z + 2*z - 2*c, t*c = -2*z - 4. Determine u(z).
3
Suppose 45*p - 70 = 59*p. Let b(g) = -4 + g - g**3 + 3 - 5*g**2 - 2*g. What is b(p)?
4
Suppose -4*l - 5 = -13. Let w(q) = -q**2 + 0*q**l - q**2 + 3*q**2 - 2 + q. Calculate w(-2).
0
Let b(y) = y + 2. Suppose -4*w + 23 = u, 2*w - 4*w + 4 = -2*u. Let q be 2/w + (1404/(-45))/(-12). Give b(q).
5
Let c(d) = -d**2 + 3*d - 4. Let r be (-11)/(-22)*-1*1*-6. What is c(r)?
-4
Let r(t) = 4*t + 2*t + t**3 - 1 + 4*t**2 - 2 + 2*t**2. What is r(-5)?
-8
Let h = 89 + -89. Let c(v) = -v**2 - v - 19. Determine c(h).
-19
Let v(h) = -h + 1. Let p(k) = 4*k + 15. Let b(q) = -p(q) + 3*v(q). Determine b(-5).
23
Let x(p) = -p**3 - p**2 - 4. Let u(i) = i**3 + 6*i**2 + 7*i - 6. Let w be u(-4). Let z be x(w). Let g(k) = -k**3 + k**2 - k + 2. Give g(z).
2
Let l(q) = -q**2 - q - 1. Let r(p) be the second derivative of p**3/6 - 4*p**2 + 4*p. Let b be 1/1 + 2 - -8. Let f be r(b). What is l(f)?
-13
Let x(l) = -20152*l**2 - 10 + 10078*l**2 - 5*l + 10075*l**2. Suppose -2*k + k + 17 = 0. Let q = -10 + k. Give x(q).
4
Let w(v) = -v**2 - 5*v. Let p(g) be the first derivative of -g**2/2 - 15*g + 5. Let u be p(-6). Let y = u + 3. What is w(y)?
-6
Let k(s) = -3*s - 2. Suppose 5 = i - 4*g, 0*g = 2*g - 2. Let r be (3 - i/6)*2. Calculate k(r).
-11
Let x = 70 + -44. Suppose -x - 4 = 5*g. Let y(a) = 4*a - 7. Let b(s) = 3*s - 6. Let n(w) = g*y(w) + 7*b(w). Determine n(-1).
3
Let x(w) = -w**2 + 3. Let y be x(0). Let p(o) be the first derivative of -o**2/2 - 1126. Determine p(y).
-3
Let l(q) = q + 7. Let n(s) = -s**3 + 18*s**2 + s - 24. Let v = 36 - 18. Let g be n(v). Give l(g).
1
Let x(y) = 4*y**3 + 5*y**2 + 3*y - 5. Let f(d) = 3*d**3 + 2*d**2 + 2*d - 3. Let h(i) = -3*f(i) + 2*x(i). What is h(2)?
7
Let t(v) = -6*v. Suppose w - 6*w - 42 = -3*u, -21 = -4*u - 5*w. Suppose 0 = -2*l - l + u. Let k be -4 - (l + -4 + -4). Give t(k).
-6
Let z(q) be the third derivative of -q**7/840 + q**6/72 - q**5/30 + 13*q**3/6 - 21*q**2. Let l(p) be the first derivative of z(p). Calculate l(4).
0
Let z(y) be the first derivative of 6*y + 7 - 1/2*y**2. Determine z(0).
6
Suppose 0 = 2*j - 5*o + 10, -4*j - 5*o - 2 + 42 = 0. Suppose 4*d - j*a = -5, -6*a = d - 2*a + 17. Let x(w) = -6 + 2*w + w - w - 4*w. Give x(d).
4
Let g = -391 + 387. Let y(r) = -r**3 - 6*r**2 - 4*r - 4. What is y(g)?
-20
Let a(k) = -2*k + 42. Let q = -274 + 298. Determine a(q).
-6
Let q(s) be the third derivative of 0 - 1/24*s**4 + 0*s**3 + 0*s + 2*s**2. Suppose 103*v + 30 = 97*v. Determine q(v).
5
Let x(t) be the first derivative of -3*t**2/2 - 36*t - 296. Give x(-11).
-3
Let w(p) = 14*p**2 - 3*p - 2. Let f(x) = -x**2 + x. Let i(u) = 4*f(u) + w(u). Calculate i(1).
9
Let y = 45 - -9. Let j(d) = -53*d**2 - 1 - 5*d + 0 + y*d**2. Calculate j(6).
5
Let m(j) = -j**3 + j**2 + j + 7. Let h(a) = 4*a**2 + 521*a + 49 - 5*a**3 - 517*a - 13. Let l(c) = -2*h(c) + 11*m(c). What is l(4)?
1
Let h(b) = -5*b**2 - 3*b - 1. Let k(f) = 4*f**2 + 3*f. Let u(t) = 2*h(t) + 3*k(t). Suppose -3 = 2*s + 1. Let r(n) =